37dd?
1d37db
In base 12, what is 28 - -aa1b?
aa47
In base 13, what is 12c - -c5c?
108b
In base 10, what is 3 - -846651?
846654
In base 3, what is 11022202 - 2112?
11020020
In base 10, what is -177 + 121?
-56
In base 2, what is -10 - -10011100001101111100?
10011100001101111010
In base 13, what is 0 - -2270?
2270
In base 5, what is 22 - -31310?
31332
In base 7, what is 1 - -1040032?
1040033
In base 4, what is 101233 + 131?
102030
In base 12, what is 1483 - 5?
147a
In base 3, what is -2 + -10201210120?
-10201210122
In base 10, what is -7 - 233191?
-233198
In base 10, what is -2 + 580008?
580006
In base 4, what is 1231 + 333332?
1001223
In base 3, what is -2 + 100210010021?
100210010012
In base 3, what is 22221211021 - 20?
22221211001
In base 9, what is -4 - 65882?
-65886
In base 2, what is -11 - -100110001110111?
100110001110100
In base 12, what is 365a7 - 26?
36581
In base 14, what is a + 9179?
9185
In base 10, what is 150897 + -19?
150878
In base 3, what is 22001 - 1000111?
-201110
In base 16, what is 1 - -2c28e?
2c28f
In base 7, what is -5 - -6643?
6635
In base 2, what is 100101010011000101 - -101100?
100101010011110001
In base 9, what is 15 + -107618?
-107603
In base 6, what is 41335 - 5?
41330
In base 6, what is 11555 + -1135?
10420
In base 16, what is 2a + -3c1?
-397
In base 7, what is 4 + 1430530?
1430534
In base 8, what is -3745 + 27?
-3716
In base 5, what is 21 - -1001312?
1001333
In base 12, what is -6088 - 72?
-613a
In base 14, what is -3b + 413c?
4101
In base 14, what is 43 + -384?
-341
In base 7, what is 4330 - 5?
4322
In base 13, what is -31 - 2a430?
-2a461
In base 11, what is -4 + 65852?
65849
In base 8, what is 307 + -255?
32
In base 16, what is bfd - -272?
e6f
In base 15, what is e26 - 3c?
dd9
In base 4, what is 20001 + -310122?
-230121
In base 5, what is -3 - 324433141?
-324433144
In base 16, what is -5fb + -1?
-5fc
In base 13, what is -25 + 232a?
2305
In base 9, what is -4 - 43361?
-43365
In base 5, what is 110111 - 2112?
102444
In base 8, what is 171351 - -2?
171353
In base 10, what is 115666 + 6?
115672
In base 8, what is 21432407 - -5?
21432414
In base 2, what is 11010110011 + -110110?
11001111101
In base 8, what is -1574 + 322?
-1252
In base 9, what is -146522 - 8?
-146531
In base 16, what is 3 + -33328?
-33325
In base 7, what is 421 + -42?
346
In base 10, what is 12118 - -10?
12128
In base 16, what is 4 + c3a88?
c3a8c
In base 16, what is -3 + -41a5e?
-41a61
In base 16, what is -29 + -ed?
-116
In base 12, what is -157 - 76a2?
-7839
In base 7, what is 4 + 553146?
553153
In base 4, what is 1310101132 - 10?
1310101122
In base 11, what is -529 - -2124?
16a6
In base 7, what is 105 + -410552?
-410444
In base 10, what is 2647 - -236?
2883
In base 9, what is -3 + -4078?
-4082
In base 2, what is 100100000 - 1101000?
10111000
In base 7, what is 351 + 46?
430
In base 8, what is 346115 + -2?
346113
In base 5, what is 11021414 + 1?
11021420
In base 14, what is 36a + -8?
362
In base 5, what is 240 - -100320?
101110
In base 12, what is 3 - -12459b?
1245a2
In base 12, what is -71b + -91?
-7b0
In base 4, what is -20 - -23321130?
23321110
In base 13, what is -c1c - -6?
-c16
In base 4, what is -11031323 - 1003?
-11032332
In base 14, what is b5 - 4d?
66
In base 6, what is 2434 + 403?
3241
In base 11, what is -7 + 2400?
23a4
In base 13, what is 378 + -78a?
-412
In base 15, what is 2 + -74a2?
-74a0
In base 5, what is -2132 - 3304?
-10441
In base 15, what is -2e - -352?
323
In base 5, what is -140 + 3204?
3014
In base 12, what is -148 - a92?
-101a
In base 12, what is -32 + -1b8a?
-2000
In base 2, what is 0 - -1101000111100000?
1101000111100000
In base 4, what is -123 - 3013?
-3202
In base 6, what is 4030 + 53?
4123
In base 4, what is -233332 - -230?
-233102
In base 16, what is 16 - -a867?
a87d
In base 11, what is -2 - -18045?
18043
In base 8, what is 3270 + -533?
2535
In base 5, what is 21023 + -41?
20432
In base 13, what is 2 - -88935?
88937
In base 10, what is 4446 + 15?
4461
In base 16, what is 4 + ba57?
ba5b
In base 11, what is 1 - 69322?
-69321
In base 8, what is -66401 + 0?
-66401
In base 2, what is -100111 - -11010111111?
11010011000
In base 3, what is 10 + 100111001?
100111011
In base 2, what is -11011110001000 - -1011011?
-11011100101101
In base 2, what is -1010101100 - -1011111?
-1001001101
In base 4, what is 300220 + 2?
300222
In base 16, what is -15ee36 + 5?
-15ee31
In base 5, what is -242 + -20403?
-21200
In base 3, what is -11 + 11012210?
11012122
In base 16, what is -4 - 3cbca?
-3cbce
In base 7, what is 22 + -125604?
-125552
In base 11, what is 2 - 73600?
-735a9
In base 15, what is 1ae02 - 2?
1ae00
In base 7, what is 43313454 - -4?
43313461
In base 15, what is 2e + -1054?
-1025
In base 8, what is -46 + -522?
-570
In base 12, what is 0 - 171565?
-171565
In base 5, what is 104302134 - 2?
104302132
In base 13, what is -35 - cca?
-1032
In base 8, what is -3717 + 1701?
-2016
In base 7, what is -62 - 100355?
-100450
In base 4, what is 1001 - -13222?
20223
In base 13, what is -2abb44 - -3?
-2abb41
In base 14, what is -3785d - -1?
-3785c
In base 2, what is 11 + 10011001000111?
10011001001010
In base 16, what is -15e + -2a?
-188
In base 3, what is 10 - 2011110100?
-2011110020
In base 12, what is -3a - -300?
282
In base 5, what is 14044131 - -4?
14044140
In base 5, what is 144 - -343302?
344001
In base 15, what is -17896e + -4?
-178973
In base 15, what is 11 - 4294?
-4283
In base 8, what is 5045 - 14?
5031
In base 16, what is -4 + -d0a?
-d0e
In base 13, what is -71a00 - 3?
-71a03
In base 13, what is 0 - 11b9a3?
-11b9a3
In base 15, what is -8ab + 6a?
-841
In base 14, what is -3 + -1218d3?
-1218d6
In base 4, what is -1 + 110021301?
110021300
In base 2, what is -110 - -10011100111?
10011100001
In base 10, what is 174508 - -4?
174512
In base 12, what is -5 + -196a64?
-196a69
In base 16, what is 35 + c?
41
In base 4, what is -100113 - -1032?
-33021
In base 4, what is 101002 - -101202?
202210
In base 12, what is -99 + 243?
166
In base 3, what is -1220 + -1112120?
-1121110
In base 7, what is 2655 - -62?
3050
In base 5, what is 11021 + -11?
11010
In base 8, what is -144405 - 5?
-144412
In base 3, what is -20002100222 + 0?
-20002100222
In base 3, what is -2 - 12001000?
-12001002
In base 2, what is 10111111010010110 - -101?
10111111010011011
In base 11, what is -135171 + 26?
-135146
In base 2, what is 111111101100110 - -101?
111111101101011
In base 3, what is 220221110122 + 12?
220221110211
In base 15, what is -97 + 51b9?
5122
In base 9, what is 1807 - 14?
1783
In base 11, what is -487900 + 7?
-4878a4
In base 8, what is 1135 + 217?
1354
In base 10, what is 60300 - -3?
60303
In base 14, what is -171 + -67?
-1d8
In base 3, what is -1202 - -111102?
102200
In base 3, what is 100 - -21100011?
21100111
In base 11, what is -90a80 - -2?
-90a79
In base 8, what is 2105 + 131?
2236
In base 13, what is -973 + 4ca?
-476
In base 9, what is 2 - -281034?
281036
In base 13, what is 2 + -1b17?
-1b15
In base 8, what is 51 - -61323?
61374
In base 12, what is -5 + -8833?
-8838
In base 4, what is 23221 + -102?
23113
In base 6, what is 10 - 523154?
-523144
In base 7, what is 5645213 - 2?
5645211
In base 12, what is 929b9 - 0?
929b9
In base 4, what is 3132333 - 0?
3132333
In base 2, what is -100001011011001 + -100?
-100001011011101
In base 13, what is 2 + -399bb?
-399b9
In base 14, what is -1acb - 3d?
-1b2a
In base 5, what is 10 - -20344433?
20344443
In base 14, what is 991 + -13?
97c
In base 8, what is 5 - -3203030?
3203035
In base 16, what is 0 - -15bc3?
15bc3
In base 6, what is -4 + -2320500?
-2320504
In base 2, what is -10000010110 - 1010011101001?
-1100011111111
In base 6, what is 3510 + 11530?
15440
In base 16, what is -fc - 6bf?
-7bb
In base 15, what is -90352 - -2?
-90350
In base 14, what is 89 - 1498?
-140d
In base 2, what is 101 + -11110000000000?
-11101111111011
In base 11, what is -219a + 649?
-1651
In base 9, what is -1014728 - 5?
-1014734
In base 11, what is 24 + 1a75?
1a99
In base 13, what is 498ba - -3?
498c0
In base 8, what is 4 + -4266?
-4262
In base 8, what is 0 + 174313?
174313
In base 15, what is 1ce - -105?
2d4
In base 11, what is -2 - 9450?
-9452
In base 2, what is -100011110001000 + -100001110?
-100100010010110
In base 10, what is -324 + 2266?
19